{"id":29,"date":"2011-12-16T17:07:55","date_gmt":"2011-12-16T17:07:55","guid":{"rendered":"http:\/\/www.elektroplanung-wf.de\/altensteiner-hoehle\/?page_id=29"},"modified":"2011-12-16T21:08:03","modified_gmt":"2011-12-16T21:08:03","slug":"heiraten-in-der-hohle","status":"publish","type":"page","link":"http:\/\/www.elektroplanung-wf.de\/altensteiner-hoehle\/?page_id=29","title":{"rendered":"Heiraten in der H\u00f6hle"},"content":{"rendered":"<h2>Heiraten in der Altensteiner H\u00f6hle<\/h2>\n<p><img loading=\"lazy\" class=\"alignleft size-full wp-image-155\" style=\"margin-top: 12px; margin-bottom: 25px; margin-left: 0px; margin-right: 25px;\" title=\"Altensteiner H\u00f6hlendom\" src=\"http:\/\/www.elektroplanung-wf.de\/altensteiner-hoehle\/wp-content\/uploads\/heiraten.jpg\" alt=\"Altensteiner H\u00f6hlendom\" width=\"384\" height=\"257\" \/><\/p>\n<p>Geben Sie sich Ihr Ja-Wort im Dom der Alten-steiner H\u00f6hle.<\/p>\n<p><strong>Informationen erhalten Sie beim H\u00f6-hlenf\u00fchrer:<\/strong><\/p>\n<p>Bernd Mylius<br \/>\nAltensteiner H\u00f6hle<br \/>\n36448 Schweina<br \/>\nTel.: 036961-71216<\/p>\n<p style=\"text-align: center;\"><!-- index.php -->\n<div\n\tclass=\"ngg-galleryoverview ngg-ajax-pagination-none\"\n\tid=\"ngg-gallery-0184e614d40c9fd2d56db67dd8b40465-1\">\n\n    \t\t<!-- Thumbnails -->\n\t\t\t\t<div id=\"ngg-image-0\" class=\"ngg-gallery-thumbnail-box\" >\n\t\t\t\t        <div class=\"ngg-gallery-thumbnail\">\n            <a href=\"http:\/\/www.elektroplanung-wf.de\/altensteiner-hoehle\/wp-content\/gallery\/heirat\/_DSC0017a.gif\"\n               title=\"Heirat in der Altensteiner H\u00f6hle\"\n               data-src=\"http:\/\/www.elektroplanung-wf.de\/altensteiner-hoehle\/wp-content\/gallery\/heirat\/_DSC0017a.gif\"\n               data-thumbnail=\"http:\/\/www.elektroplanung-wf.de\/altensteiner-hoehle\/wp-content\/gallery\/heirat\/thumbs\/thumbs__DSC0017a.gif\"\n               data-image-id=\"1\"\n               data-title=\"Heirat in der Altensteiner H\u00f6hle\"\n               data-description=\"Heirat in der Altensteiner H\u00f6hle\"\n               data-image-slug=\"heirat-in-der-altensteiner-hohle\"\n               class=\"shutterset_0184e614d40c9fd2d56db67dd8b40465\">\n                <img\n                    title=\"Heirat in der Altensteiner H\u00f6hle\"\n                    alt=\"Heirat in der Altensteiner H\u00f6hle\"\n                    src=\"http:\/\/www.elektroplanung-wf.de\/altensteiner-hoehle\/wp-content\/gallery\/heirat\/thumbs\/thumbs__DSC0017a.gif\"\n                    width=\"139\"\n                    height=\"100\"\n                    style=\"max-width:100%;\"\n                \/>\n            <\/a>\n        <\/div>\n\t\t\t\t\t\t\t<\/div> \n\t\t\t\n        \n\t\t\t\t<div id=\"ngg-image-1\" class=\"ngg-gallery-thumbnail-box\" >\n\t\t\t\t        <div class=\"ngg-gallery-thumbnail\">\n            <a href=\"http:\/\/www.elektroplanung-wf.de\/altensteiner-hoehle\/wp-content\/gallery\/heirat\/_DSC0026a.gif\"\n               title=\"Heirat in der Altensteiner H\u00f6hle\"\n               data-src=\"http:\/\/www.elektroplanung-wf.de\/altensteiner-hoehle\/wp-content\/gallery\/heirat\/_DSC0026a.gif\"\n               data-thumbnail=\"http:\/\/www.elektroplanung-wf.de\/altensteiner-hoehle\/wp-content\/gallery\/heirat\/thumbs\/thumbs__DSC0026a.gif\"\n               data-image-id=\"3\"\n               data-title=\"Heirat in der Altensteiner H\u00f6hle\"\n               data-description=\"Heirat in der Altensteiner H\u00f6hle\"\n               data-image-slug=\"heirat-in-der-altensteiner-hohle-2\"\n               class=\"shutterset_0184e614d40c9fd2d56db67dd8b40465\">\n                <img\n                    title=\"Heirat in der Altensteiner H\u00f6hle\"\n                    alt=\"Heirat in der Altensteiner H\u00f6hle\"\n                    src=\"http:\/\/www.elektroplanung-wf.de\/altensteiner-hoehle\/wp-content\/gallery\/heirat\/thumbs\/thumbs__DSC0026a.gif\"\n                    width=\"131\"\n                    height=\"100\"\n                    style=\"max-width:100%;\"\n                \/>\n            <\/a>\n        <\/div>\n\t\t\t\t\t\t\t<\/div> \n\t\t\t\n        \n\t\t\t\t<div id=\"ngg-image-2\" class=\"ngg-gallery-thumbnail-box\" >\n\t\t\t\t        <div class=\"ngg-gallery-thumbnail\">\n            <a href=\"http:\/\/www.elektroplanung-wf.de\/altensteiner-hoehle\/wp-content\/gallery\/heirat\/_DSC0071a.gif\"\n               title=\"Heirat in der Altensteiner H\u00f6hle\"\n               data-src=\"http:\/\/www.elektroplanung-wf.de\/altensteiner-hoehle\/wp-content\/gallery\/heirat\/_DSC0071a.gif\"\n               data-thumbnail=\"http:\/\/www.elektroplanung-wf.de\/altensteiner-hoehle\/wp-content\/gallery\/heirat\/thumbs\/thumbs__DSC0071a.gif\"\n               data-image-id=\"5\"\n               data-title=\"Heirat in der Altensteiner H\u00f6hle\"\n               data-description=\"Heirat in der Altensteiner H\u00f6hle\"\n               data-image-slug=\"heirat-in-der-altensteiner-hohle-3\"\n               class=\"shutterset_0184e614d40c9fd2d56db67dd8b40465\">\n                <img\n                    title=\"Heirat in der Altensteiner H\u00f6hle\"\n                    alt=\"Heirat in der Altensteiner H\u00f6hle\"\n                    src=\"http:\/\/www.elektroplanung-wf.de\/altensteiner-hoehle\/wp-content\/gallery\/heirat\/thumbs\/thumbs__DSC0071a.gif\"\n                    width=\"150\"\n                    height=\"100\"\n                    style=\"max-width:100%;\"\n                \/>\n            <\/a>\n        <\/div>\n\t\t\t\t\t\t\t<\/div> \n\t\t\t\n        \n\t\t\t\t<div id=\"ngg-image-3\" class=\"ngg-gallery-thumbnail-box\" >\n\t\t\t\t        <div class=\"ngg-gallery-thumbnail\">\n            <a href=\"http:\/\/www.elektroplanung-wf.de\/altensteiner-hoehle\/wp-content\/gallery\/heirat\/_DSC0020a.gif\"\n               title=\"Heirat in der Altensteiner H\u00f6hle\"\n               data-src=\"http:\/\/www.elektroplanung-wf.de\/altensteiner-hoehle\/wp-content\/gallery\/heirat\/_DSC0020a.gif\"\n               data-thumbnail=\"http:\/\/www.elektroplanung-wf.de\/altensteiner-hoehle\/wp-content\/gallery\/heirat\/thumbs\/thumbs__DSC0020a.gif\"\n               data-image-id=\"2\"\n               data-title=\"Heirat in der Altensteiner H\u00f6hle\"\n               data-description=\"Heirat in der Altensteiner H\u00f6hle\"\n               data-image-slug=\"heirat-in-der-altensteiner-hohle-4\"\n               class=\"shutterset_0184e614d40c9fd2d56db67dd8b40465\">\n                <img\n                    title=\"Heirat in der Altensteiner H\u00f6hle\"\n                    alt=\"Heirat in der Altensteiner H\u00f6hle\"\n                    src=\"http:\/\/www.elektroplanung-wf.de\/altensteiner-hoehle\/wp-content\/gallery\/heirat\/thumbs\/thumbs__DSC0020a.gif\"\n                    width=\"150\"\n                    height=\"100\"\n                    style=\"max-width:100%;\"\n                \/>\n            <\/a>\n        <\/div>\n\t\t\t\t\t\t\t<\/div> \n\t\t\t\n        \n\t\t\t\t<div id=\"ngg-image-4\" class=\"ngg-gallery-thumbnail-box\" >\n\t\t\t\t        <div class=\"ngg-gallery-thumbnail\">\n            <a href=\"http:\/\/www.elektroplanung-wf.de\/altensteiner-hoehle\/wp-content\/gallery\/heirat\/_DSC0057a.gif\"\n               title=\"Heirat in der Altensteiner H\u00f6hle\"\n               data-src=\"http:\/\/www.elektroplanung-wf.de\/altensteiner-hoehle\/wp-content\/gallery\/heirat\/_DSC0057a.gif\"\n               data-thumbnail=\"http:\/\/www.elektroplanung-wf.de\/altensteiner-hoehle\/wp-content\/gallery\/heirat\/thumbs\/thumbs__DSC0057a.gif\"\n               data-image-id=\"4\"\n               data-title=\"Heirat in der Altensteiner H\u00f6hle\"\n               data-description=\"Heirat in der Altensteiner H\u00f6hle\"\n               data-image-slug=\"heirat-in-der-altensteiner-hohle-5\"\n               class=\"shutterset_0184e614d40c9fd2d56db67dd8b40465\">\n                <img\n                    title=\"Heirat in der Altensteiner H\u00f6hle\"\n                    alt=\"Heirat in der Altensteiner H\u00f6hle\"\n                    src=\"http:\/\/www.elektroplanung-wf.de\/altensteiner-hoehle\/wp-content\/gallery\/heirat\/thumbs\/thumbs__DSC0057a.gif\"\n                    width=\"150\"\n                    height=\"100\"\n                    style=\"max-width:100%;\"\n                \/>\n            <\/a>\n        <\/div>\n\t\t\t\t\t\t\t<\/div> \n\t\t\t\n        \n\t\t\n\t\t<!-- Pagination -->\n\t<div class='ngg-clear'><\/div>\t<\/div>\n<\/p>\n<p style=\"text-align: left;\">Download:<\/p>\n<p><a href=\"http:\/\/www.elektroplanung-wf.de\/altensteiner-hoehle\/wp-content\/uploads\/Heiraten-in-der-Altensteiner-H\u00c3\u00b6hle.pdf\">Heiraten in der Altensteiner H\u00f6hle.pdf<\/a><\/p>\n","protected":false},"excerpt":{"rendered":"<p>Heiraten in der Altensteiner H\u00f6hle Geben Sie sich Ihr Ja-Wort im Dom der Alten-steiner H\u00f6hle. Informationen erhalten Sie beim H\u00f6-hlenf\u00fchrer: Bernd Mylius Altensteiner H\u00f6hle 36448 Schweina Tel.: 036961-71216 Download: Heiraten in der Altensteiner H\u00f6hle.pdf<\/p>\n","protected":false},"author":1,"featured_media":0,"parent":23,"menu_order":2,"comment_status":"closed","ping_status":"closed","template":"","meta":{"ngg_post_thumbnail":0},"_links":{"self":[{"href":"http:\/\/www.elektroplanung-wf.de\/altensteiner-hoehle\/index.php?rest_route=\/wp\/v2\/pages\/29"}],"collection":[{"href":"http:\/\/www.elektroplanung-wf.de\/altensteiner-hoehle\/index.php?rest_route=\/wp\/v2\/pages"}],"about":[{"href":"http:\/\/www.elektroplanung-wf.de\/altensteiner-hoehle\/index.php?rest_route=\/wp\/v2\/types\/page"}],"author":[{"embeddable":true,"href":"http:\/\/www.elektroplanung-wf.de\/altensteiner-hoehle\/index.php?rest_route=\/wp\/v2\/users\/1"}],"replies":[{"embeddable":true,"href":"http:\/\/www.elektroplanung-wf.de\/altensteiner-hoehle\/index.php?rest_route=%2Fwp%2Fv2%2Fcomments&post=29"}],"version-history":[{"count":3,"href":"http:\/\/www.elektroplanung-wf.de\/altensteiner-hoehle\/index.php?rest_route=\/wp\/v2\/pages\/29\/revisions"}],"predecessor-version":[{"id":162,"href":"http:\/\/www.elektroplanung-wf.de\/altensteiner-hoehle\/index.php?rest_route=\/wp\/v2\/pages\/29\/revisions\/162"}],"up":[{"embeddable":true,"href":"http:\/\/www.elektroplanung-wf.de\/altensteiner-hoehle\/index.php?rest_route=\/wp\/v2\/pages\/23"}],"wp:attachment":[{"href":"http:\/\/www.elektroplanung-wf.de\/altensteiner-hoehle\/index.php?rest_route=%2Fwp%2Fv2%2Fmedia&parent=29"}],"curies":[{"name":"wp","href":"https:\/\/api.w.org\/{rel}","templated":true}]}}