{"id":25,"date":"2016-06-01T16:00:39","date_gmt":"2016-06-01T15:00:39","guid":{"rendered":"http:\/\/www.elektroplanung-wf.de\/altensteiner-hoehle\/?page_id=25"},"modified":"2016-06-01T16:04:32","modified_gmt":"2016-06-01T15:04:32","slug":"lage-und-anfahrt","status":"publish","type":"page","link":"http:\/\/www.elektroplanung-wf.de\/altensteiner-hoehle\/?page_id=25","title":{"rendered":"Lage und Anfahrt"},"content":{"rendered":"<h2>Lage und Anfahrt<\/h2>\n<p>Die Altensteiner H\u00f6hle liegt am S\u00fcdrand des westlichen Th\u00fcringer Waldes, an der Grenze der Stadt Bad Liebenstein zur Gemeinde Schweina (Wartburgkreis).<\/p>\n<p><img loading=\"lazy\" class=\"aligncenter size-full wp-image-204\" title=\"Lage der Altensteiner H\u00f6hle in Th\u00fcringen\" src=\"http:\/\/www.elektroplanung-wf.de\/altensteiner-hoehle\/wp-content\/uploads\/thueringernkarte.png\" alt=\"Lage der Altensteiner H\u00f6hle in Th\u00fcringen\" width=\"580\" height=\"334\" \/><\/p>\n<p>Sie erreichen die H\u00f6hle von der A4 aus Richtung Frankfurt am Main kommend \u00fcber die Abfahrt Eisenach-West und weiter Richtung S\u00fcden \u00fcber die B19 nach Etterwinden und in Gumpelstadt links nach Schweina abbiegend. Von der A4 aus Richtung Dresden kommend, fahren Sie an der Abfahrt S\u00e4ttelstedt in Richtung Wutha-Farnroda. In Wutha-Farnroda biegen Sie links nach Ruhla ab und \u00fcberqueren den Th\u00fcringer Wald. Am Steinbacher Sportplatz k\u00f6nnen Sie rechts abbiegen und durch den Altensteiner Park am Schloss Altenstein vorbeifahren oder geradeaus \u00fcber Steinbach an der n\u00e4chsten abbiegenden Hauptstra\u00dfe nach rechts abbiegen.<\/p>\n<p><strong>\u00dcbernachtung<\/strong><br \/>\nWenn Sie ein Ferienhaus im Th\u00fcringer Wald suchen, k\u00f6nnen Sie es auf <span style=\"color: #0000ff;\"><a style=\"color: #0000ff;\" href=\"http:\/\/www.feline-holidays.de\/artikel\/ferienhaus-thuringer-wald\" target=\"_blank\">dieser Seite<\/a> <\/span>finden.<\/p>\n","protected":false},"excerpt":{"rendered":"<p>Lage und Anfahrt Die Altensteiner H\u00f6hle liegt am S\u00fcdrand des westlichen Th\u00fcringer Waldes, an der Grenze der Stadt Bad Liebenstein zur Gemeinde Schweina (Wartburgkreis). Sie erreichen die H\u00f6hle von der A4 aus Richtung Frankfurt am Main kommend \u00fcber die Abfahrt Eisenach-West und weiter Richtung S\u00fcden \u00fcber die B19 nach Etterwinden und in Gumpelstadt links nach [&hellip;]<\/p>\n","protected":false},"author":1,"featured_media":0,"parent":23,"menu_order":0,"comment_status":"closed","ping_status":"closed","template":"","meta":{"ngg_post_thumbnail":0},"_links":{"self":[{"href":"http:\/\/www.elektroplanung-wf.de\/altensteiner-hoehle\/index.php?rest_route=\/wp\/v2\/pages\/25"}],"collection":[{"href":"http:\/\/www.elektroplanung-wf.de\/altensteiner-hoehle\/index.php?rest_route=\/wp\/v2\/pages"}],"about":[{"href":"http:\/\/www.elektroplanung-wf.de\/altensteiner-hoehle\/index.php?rest_route=\/wp\/v2\/types\/page"}],"author":[{"embeddable":true,"href":"http:\/\/www.elektroplanung-wf.de\/altensteiner-hoehle\/index.php?rest_route=\/wp\/v2\/users\/1"}],"replies":[{"embeddable":true,"href":"http:\/\/www.elektroplanung-wf.de\/altensteiner-hoehle\/index.php?rest_route=%2Fwp%2Fv2%2Fcomments&post=25"}],"version-history":[{"count":5,"href":"http:\/\/www.elektroplanung-wf.de\/altensteiner-hoehle\/index.php?rest_route=\/wp\/v2\/pages\/25\/revisions"}],"predecessor-version":[{"id":587,"href":"http:\/\/www.elektroplanung-wf.de\/altensteiner-hoehle\/index.php?rest_route=\/wp\/v2\/pages\/25\/revisions\/587"}],"up":[{"embeddable":true,"href":"http:\/\/www.elektroplanung-wf.de\/altensteiner-hoehle\/index.php?rest_route=\/wp\/v2\/pages\/23"}],"wp:attachment":[{"href":"http:\/\/www.elektroplanung-wf.de\/altensteiner-hoehle\/index.php?rest_route=%2Fwp%2Fv2%2Fmedia&parent=25"}],"curies":[{"name":"wp","href":"https:\/\/api.w.org\/{rel}","templated":true}]}}