{"id":23,"date":"2011-12-16T17:05:06","date_gmt":"2011-12-16T17:05:06","guid":{"rendered":"http:\/\/www.elektroplanung-wf.de\/altensteiner-hoehle\/?page_id=23"},"modified":"2018-08-08T11:23:52","modified_gmt":"2018-08-08T10:23:52","slug":"schauhohle","status":"publish","type":"page","link":"http:\/\/www.elektroplanung-wf.de\/altensteiner-hoehle\/?page_id=23","title":{"rendered":"Schauh\u00f6hle"},"content":{"rendered":"<h2>Die Schauh\u00f6hle<\/h2>\n<p><a class=\"shutterset_\" href=\"http:\/\/www.elektroplanung-wf.de\/altensteiner-hoehle\/wp-content\/gallery\/hohlenraume\/hoehle_241.jpg\"><img loading=\"lazy\" class=\"ngg-singlepic ngg-none alignleft\" style=\"margin: 5px 25px 1200px 0px;\" src=\"http:\/\/www.elektroplanung-wf.de\/altensteiner-hoehle\/wp-content\/gallery\/hohlenraume\/thumbs\/thumbs_hoehle_241.jpg\" alt=\"hoehle_241\" width=\"100\" height=\"133\"><\/a><\/p>\n<p>Die Altensteiner H\u00f6hle ist <strong>die \u00e4lteste Schauh\u00f6hle Th\u00fcringens<\/strong>. Sie wurde am 28.06.1799 bei Stra\u00dfenbauarbeiten zuf\u00e4llig entdeckt, und bereits im Folgejahr zur Schauh\u00f6hle ausgebaut. F\u00fcr den 11. August 1800 ist die erste \u00d6ffnung f\u00fcr den Besucherverkehr nachgewiesen.<\/p>\n<p>Derzeit sind 2320&nbsp;m Gangl\u00e4nge vermessen und einige weitere Strecken schon erkundet. Damit ist die Altensteiner H\u00f6hle <strong>die l\u00e4ngste H\u00f6hle Th\u00fcringens <\/strong>und mit ihrer<strong> Tiefe von inzwischen 102 m <\/strong>auch die tiefste. Etwa 330&nbsp;m sind f\u00fcr den Besucherverkehr erschlossen.<\/p>\n<p>Neben ihrer kulturgeschichtlichen&nbsp;und spel\u00e4ologischen Bedeutung ist die Altensteiner H\u00f6hle <strong>ein bedeutender und einzigartiger geologischer Aufschluss<\/strong>.<\/p>\n<p>Auf ihren mehr als&nbsp;&nbsp;2 km L\u00e4nge erschlie\u00dft die H\u00f6hle verschiedene Bereiche eines 258&nbsp;Millionen Jahre alten tropischen Riffs.&nbsp;<\/p>\n<p>Die H\u00f6hle&nbsp;gibt einen Einblick in den Aufbau und die Entwicklung des Altensteiner Riffs und ist ein bedeutender Fossilfundpunkt wirbelloser Riff-Fossilien des Perm.<\/p>\n<p>Dar\u00fcber hinaus ist die Altensteiner H\u00f6hle auch ein Fundpunkt eiszeitlicher Fossilien. Schon bei der Entdeckung der H\u00f6hle zu Beginn des 19. Jahrhunderts barg man unz\u00e4hlige Knochen des H\u00f6hlenb\u00e4ren <em>Ursus spelaeus<\/em>.<\/p>\n<p><strong>Die Altensteiner H\u00f6hle in Zahlen<\/strong><\/p>\n<table>\n<tbody valign=\"top\">\n<tr>\n<td width=\"280\">horizontale Erstreckung<\/td>\n<td width=\"270\">480&nbsp;m<\/td>\n<\/tr>\n<tr>\n<td width=\"280\">vertikale Erstreckung<\/td>\n<td width=\"270\">102&nbsp;m<\/td>\n<\/tr>\n<tr>\n<td width=\"280\">Gangl\u00e4nge<\/td>\n<td width=\"270\">2320&nbsp;m<\/td>\n<\/tr>\n<tr>\n<td width=\"280\">&nbsp;<\/td>\n<td width=\"270\">&nbsp;<\/td>\n<\/tr>\n<tr>\n<td width=\"280\">gr\u00f6\u00dfte R\u00e4ume (Schauh\u00f6hle)<\/td>\n<td width=\"270\">&nbsp;<\/td>\n<\/tr>\n<tr>\n<td width=\"280\">&#8211; Musikplatz<\/td>\n<td width=\"270\">H\u00f6he: 12&nbsp;m<\/td>\n<\/tr>\n<tr>\n<td width=\"280\">&#8211; Dom<\/td>\n<td width=\"270\">H\u00f6he: 14&nbsp;m<\/td>\n<\/tr>\n<tr>\n<td width=\"280\">&nbsp;<\/td>\n<td width=\"270\">&nbsp;<\/td>\n<\/tr>\n<tr>\n<td width=\"280\">gr\u00f6\u00dfte R\u00e4ume<br \/>\n(unerschlossene Teile)<\/td>\n<td width=\"270\">&nbsp;<\/td>\n<\/tr>\n<tr>\n<td width=\"280\">&#8211;&nbsp;Traumpalast<\/td>\n<td width=\"270\">Gr\u00f6\u00dfe: ca. 138 x 60&nbsp;m<\/td>\n<\/tr>\n<tr>\n<td width=\"280\">&#8211; Morgentordom<\/td>\n<td width=\"270\">H\u00f6he: 25&nbsp;m<\/td>\n<\/tr>\n<tr>\n<td width=\"280\">&#8211; Gro\u00dfer Verbruch<\/td>\n<td width=\"270\">H\u00f6he: 30&nbsp;m<\/td>\n<\/tr>\n<tr>\n<td width=\"280\">&#8211; 199-Jahre-Halle<\/td>\n<td width=\"270\">H\u00f6he: 35&nbsp;m<\/td>\n<\/tr>\n<tr>\n<td width=\"280\">&nbsp;<\/td>\n<td width=\"270\">&nbsp;<\/td>\n<\/tr>\n<tr>\n<td width=\"280\">Flie\u00dfmenge des H\u00f6hlenbaches<\/td>\n<td width=\"270\">10-40l\/s, bei Hochwasser bis zu 120&nbsp;l\/s<\/td>\n<\/tr>\n<tr>\n<td width=\"280\">&nbsp;<\/td>\n<td width=\"270\">&nbsp;<\/td>\n<\/tr>\n<tr>\n<td width=\"280\">Temperaturen<\/td>\n<td width=\"270\">&nbsp;<\/td>\n<\/tr>\n<tr>\n<td width=\"280\">&#8211; Luft<\/td>\n<td width=\"270\">7 bis 8 Grad Celsius<\/td>\n<\/tr>\n<tr>\n<td width=\"280\">&#8211; Wasser<\/td>\n<td width=\"270\">7,8-8,0 Grad Celsius<\/td>\n<\/tr>\n<tr>\n<td width=\"280\">&nbsp;<\/td>\n<td width=\"270\">&nbsp;<\/td>\n<\/tr>\n<tr>\n<td width=\"280\">Luftbewegungen in der H\u00f6hle<\/td>\n<td width=\"270\">im Winter einziehende Wetter<\/td>\n<\/tr>\n<tr>\n<td width=\"280\">&nbsp;<\/td>\n<td width=\"270\">im Sommer ausziehende Wetter<\/td>\n<\/tr>\n<\/tbody>\n<\/table>\n","protected":false},"excerpt":{"rendered":"<p>Die Schauh\u00f6hle Die Altensteiner H\u00f6hle ist die \u00e4lteste Schauh\u00f6hle Th\u00fcringens. Sie wurde am 28.06.1799 bei Stra\u00dfenbauarbeiten zuf\u00e4llig entdeckt, und bereits im Folgejahr zur Schauh\u00f6hle ausgebaut. F\u00fcr den 11. August 1800 ist die erste \u00d6ffnung f\u00fcr den Besucherverkehr nachgewiesen. Derzeit sind 2320&nbsp;m Gangl\u00e4nge vermessen und einige weitere Strecken schon erkundet. Damit ist die Altensteiner H\u00f6hle die [&hellip;]<\/p>\n","protected":false},"author":1,"featured_media":0,"parent":0,"menu_order":7,"comment_status":"closed","ping_status":"closed","template":"","meta":{"ngg_post_thumbnail":0},"_links":{"self":[{"href":"http:\/\/www.elektroplanung-wf.de\/altensteiner-hoehle\/index.php?rest_route=\/wp\/v2\/pages\/23"}],"collection":[{"href":"http:\/\/www.elektroplanung-wf.de\/altensteiner-hoehle\/index.php?rest_route=\/wp\/v2\/pages"}],"about":[{"href":"http:\/\/www.elektroplanung-wf.de\/altensteiner-hoehle\/index.php?rest_route=\/wp\/v2\/types\/page"}],"author":[{"embeddable":true,"href":"http:\/\/www.elektroplanung-wf.de\/altensteiner-hoehle\/index.php?rest_route=\/wp\/v2\/users\/1"}],"replies":[{"embeddable":true,"href":"http:\/\/www.elektroplanung-wf.de\/altensteiner-hoehle\/index.php?rest_route=%2Fwp%2Fv2%2Fcomments&post=23"}],"version-history":[{"count":41,"href":"http:\/\/www.elektroplanung-wf.de\/altensteiner-hoehle\/index.php?rest_route=\/wp\/v2\/pages\/23\/revisions"}],"predecessor-version":[{"id":629,"href":"http:\/\/www.elektroplanung-wf.de\/altensteiner-hoehle\/index.php?rest_route=\/wp\/v2\/pages\/23\/revisions\/629"}],"wp:attachment":[{"href":"http:\/\/www.elektroplanung-wf.de\/altensteiner-hoehle\/index.php?rest_route=%2Fwp%2Fv2%2Fmedia&parent=23"}],"curies":[{"name":"wp","href":"https:\/\/api.w.org\/{rel}","templated":true}]}}